{"id":20151,"date":"2025-02-25T10:07:11","date_gmt":"2025-02-25T09:07:11","guid":{"rendered":"https:\/\/www.linzag-sport.at\/foto\/?page_id=20151"},"modified":"2025-10-31T10:31:07","modified_gmt":"2025-10-31T09:31:07","slug":"foto-film-informationen","status":"publish","type":"page","link":"https:\/\/www.linzag-sport.at\/foto\/foto-film-informationen\/","title":{"rendered":"Informationen"},"content":{"rendered":"\t\t<div data-elementor-type=\"wp-page\" data-elementor-id=\"20151\" class=\"elementor elementor-20151\" data-elementor-post-type=\"page\">\n\t\t\t\t\t\t<section class=\"qodef-parallax-row-holder elementor-section elementor-top-section elementor-element elementor-element-d5b2f0a qodef-parallax-row-holder elementor-section-boxed elementor-section-height-default elementor-section-height-default qodef-content-aligment-left qodef-elementor-row-grid-no qodef-disabled-bg-image-bellow-no\" data-parallax-bg-speed=\"1\" data-parallax-bg-image=\"https:\/\/prowess.qodeinteractive.com\/elementor\/wp-content\/uploads\/2018\/02\/h2-parallax-2.jpg\" data-parallax-bg-height=\"0\" data-id=\"d5b2f0a\" data-element_type=\"section\" data-settings=\"{&quot;select_parallax_image&quot;:{&quot;url&quot;:&quot;https:\\\/\\\/prowess.qodeinteractive.com\\\/elementor\\\/wp-content\\\/uploads\\\/2018\\\/02\\\/h2-parallax-2.jpg&quot;,&quot;id&quot;:&quot;706&quot;,&quot;size&quot;:&quot;&quot;}}\">\n\t\t\t\t\t\t<div class=\"elementor-container elementor-column-gap-default\">\n\t\t\t\t\t<div class=\"elementor-column elementor-col-100 elementor-top-column elementor-element elementor-element-b6731e9\" data-id=\"b6731e9\" data-element_type=\"column\">\n\t\t\t<div class=\"elementor-widget-wrap elementor-element-populated\">\n\t\t\t\t\t\t<section class=\"elementor-section elementor-inner-section elementor-element elementor-element-8f32f94 qodef-elementor-row-grid-section main-content-sec elementor-section-boxed elementor-section-height-default elementor-section-height-default qodef-parallax-row-no qodef-content-aligment-left qodef-disabled-bg-image-bellow-no\" data-id=\"8f32f94\" data-element_type=\"section\">\n\t\t\t\t\t\t<div class=\"elementor-container elementor-column-gap-default\">\n\t\t\t\t\t<div class=\"elementor-column elementor-col-50 elementor-inner-column elementor-element elementor-element-a73da9f info common-sidebar\" data-id=\"a73da9f\" data-element_type=\"column\" data-settings=\"{&quot;background_background&quot;:&quot;classic&quot;}\">\n\t\t\t<div class=\"elementor-widget-wrap elementor-element-populated\">\n\t\t\t\t\t\t<div class=\"elementor-element elementor-element-f74ee1b elementor-widget elementor-widget-qodef_section_title\" data-id=\"f74ee1b\" data-element_type=\"widget\" data-widget_type=\"qodef_section_title.default\">\n\t\t\t\t<div class=\"elementor-widget-container\">\n\t\t\t\t\t<div class=\"qodef-section-title-holder   \" >\n\t<div class=\"qodef-st-inner\">\n\t\t\t\t\t<h3 class=\"qodef-st-title\" >\n\t\t\t\tMen\u00fc\t\t\t<\/h3>\n\t\t        \t\t\t<\/div>\n<\/div>\t\t\t\t<\/div>\n\t\t\t\t<\/div>\n\t\t\t\t<div class=\"elementor-element elementor-element-fe7a9f5 elementor-nav-menu--dropdown-tablet elementor-nav-menu__text-align-aside elementor-nav-menu--toggle elementor-nav-menu--burger elementor-widget elementor-widget-nav-menu\" data-id=\"fe7a9f5\" data-element_type=\"widget\" data-settings=\"{&quot;layout&quot;:&quot;vertical&quot;,&quot;submenu_icon&quot;:{&quot;value&quot;:&quot;&lt;svg class=\\&quot;e-font-icon-svg e-fas-caret-down\\&quot; viewBox=\\&quot;0 0 320 512\\&quot; xmlns=\\&quot;http:\\\/\\\/www.w3.org\\\/2000\\\/svg\\&quot;&gt;&lt;path d=\\&quot;M31.3 192h257.3c17.8 0 26.7 21.5 14.1 34.1L174.1 354.8c-7.8 7.8-20.5 7.8-28.3 0L17.2 226.1C4.6 213.5 13.5 192 31.3 192z\\&quot;&gt;&lt;\\\/path&gt;&lt;\\\/svg&gt;&quot;,&quot;library&quot;:&quot;fa-solid&quot;},&quot;toggle&quot;:&quot;burger&quot;}\" data-widget_type=\"nav-menu.default\">\n\t\t\t\t<div class=\"elementor-widget-container\">\n\t\t\t\t\t\t\t\t<nav aria-label=\"Men\u00fc\" class=\"elementor-nav-menu--main elementor-nav-menu__container elementor-nav-menu--layout-vertical e--pointer-underline e--animation-fade\">\n\t\t\t\t<ul id=\"menu-1-fe7a9f5\" class=\"elementor-nav-menu sm-vertical\"><li class=\"menu-item menu-item-type-post_type menu-item-object-page menu-item-home menu-item-12522\"><a href=\"https:\/\/www.linzag-sport.at\/foto\/\" class=\"elementor-item\">Startseite<\/a><\/li>\n<li class=\"menu-item menu-item-type-post_type menu-item-object-page menu-item-12612\"><a href=\"https:\/\/www.linzag-sport.at\/foto\/foto-veranstaltungen\/\" class=\"elementor-item\">Aktuelles<\/a><\/li>\n<li class=\"menu-item menu-item-type-post_type menu-item-object-page menu-item-20272\"><a href=\"https:\/\/www.linzag-sport.at\/foto\/foto-film-austellungen\/\" class=\"elementor-item\">Ausstellungen<\/a><\/li>\n<li class=\"menu-item menu-item-type-post_type menu-item-object-page menu-item-20271\"><a href=\"https:\/\/www.linzag-sport.at\/foto\/foto-film-projekte\/\" class=\"elementor-item\">Projekte<\/a><\/li>\n<li class=\"menu-item menu-item-type-post_type menu-item-object-page menu-item-20269\"><a href=\"https:\/\/www.linzag-sport.at\/foto\/fotoreisen\/\" class=\"elementor-item\">Fotoreisen<\/a><\/li>\n<li class=\"menu-item menu-item-type-post_type menu-item-object-page menu-item-20270\"><a href=\"https:\/\/www.linzag-sport.at\/foto\/foto-film-informationen\/\" class=\"elementor-item\">Informationen<\/a><\/li>\n<li class=\"menu-item menu-item-type-custom menu-item-object-custom menu-item-has-children menu-item-20273\"><a href=\"#\" class=\"elementor-item elementor-item-anchor\">Mitgliederbereich<\/a>\n<ul class=\"sub-menu elementor-nav-menu--dropdown\">\n\t<li class=\"menu-item menu-item-type-post_type menu-item-object-page menu-item-12550\"><a href=\"https:\/\/www.linzag-sport.at\/foto\/fotostudio\/\" class=\"elementor-sub-item\">Fotostudio<\/a><\/li>\n\t<li class=\"menu-item menu-item-type-post_type menu-item-object-page menu-item-12615\"><a href=\"https:\/\/www.linzag-sport.at\/foto\/buchung-fotostudio\/\" class=\"elementor-sub-item\">Buchungskalender<\/a><\/li>\n<\/ul>\n<\/li>\n<\/ul>\t\t\t<\/nav>\n\t\t\t\t\t<div class=\"elementor-menu-toggle\" role=\"button\" tabindex=\"0\" aria-label=\"Men\u00fc Umschalter\" aria-expanded=\"false\">\n\t\t\t<svg aria-hidden=\"true\" role=\"presentation\" class=\"elementor-menu-toggle__icon--open e-font-icon-svg e-eicon-menu-bar\" viewBox=\"0 0 1000 1000\" xmlns=\"http:\/\/www.w3.org\/2000\/svg\"><path d=\"M104 333H896C929 333 958 304 958 271S929 208 896 208H104C71 208 42 237 42 271S71 333 104 333ZM104 583H896C929 583 958 554 958 521S929 458 896 458H104C71 458 42 487 42 521S71 583 104 583ZM104 833H896C929 833 958 804 958 771S929 708 896 708H104C71 708 42 737 42 771S71 833 104 833Z\"><\/path><\/svg><svg aria-hidden=\"true\" role=\"presentation\" class=\"elementor-menu-toggle__icon--close e-font-icon-svg e-eicon-close\" viewBox=\"0 0 1000 1000\" xmlns=\"http:\/\/www.w3.org\/2000\/svg\"><path d=\"M742 167L500 408 258 167C246 154 233 150 217 150 196 150 179 158 167 167 154 179 150 196 150 212 150 229 154 242 171 254L408 500 167 742C138 771 138 800 167 829 196 858 225 858 254 829L496 587 738 829C750 842 767 846 783 846 800 846 817 842 829 829 842 817 846 804 846 783 846 767 842 750 829 737L588 500 833 258C863 229 863 200 833 171 804 137 775 137 742 167Z\"><\/path><\/svg>\t\t<\/div>\n\t\t\t\t\t<nav class=\"elementor-nav-menu--dropdown elementor-nav-menu__container\" aria-hidden=\"true\">\n\t\t\t\t<ul id=\"menu-2-fe7a9f5\" class=\"elementor-nav-menu sm-vertical\"><li class=\"menu-item menu-item-type-post_type menu-item-object-page menu-item-home menu-item-12522\"><a href=\"https:\/\/www.linzag-sport.at\/foto\/\" class=\"elementor-item\" tabindex=\"-1\">Startseite<\/a><\/li>\n<li class=\"menu-item menu-item-type-post_type menu-item-object-page menu-item-12612\"><a href=\"https:\/\/www.linzag-sport.at\/foto\/foto-veranstaltungen\/\" class=\"elementor-item\" tabindex=\"-1\">Aktuelles<\/a><\/li>\n<li class=\"menu-item menu-item-type-post_type menu-item-object-page menu-item-20272\"><a href=\"https:\/\/www.linzag-sport.at\/foto\/foto-film-austellungen\/\" class=\"elementor-item\" tabindex=\"-1\">Ausstellungen<\/a><\/li>\n<li class=\"menu-item menu-item-type-post_type menu-item-object-page menu-item-20271\"><a href=\"https:\/\/www.linzag-sport.at\/foto\/foto-film-projekte\/\" class=\"elementor-item\" tabindex=\"-1\">Projekte<\/a><\/li>\n<li class=\"menu-item menu-item-type-post_type menu-item-object-page menu-item-20269\"><a href=\"https:\/\/www.linzag-sport.at\/foto\/fotoreisen\/\" class=\"elementor-item\" tabindex=\"-1\">Fotoreisen<\/a><\/li>\n<li class=\"menu-item menu-item-type-post_type menu-item-object-page menu-item-20270\"><a href=\"https:\/\/www.linzag-sport.at\/foto\/foto-film-informationen\/\" class=\"elementor-item\" tabindex=\"-1\">Informationen<\/a><\/li>\n<li class=\"menu-item menu-item-type-custom menu-item-object-custom menu-item-has-children menu-item-20273\"><a href=\"#\" class=\"elementor-item elementor-item-anchor\" tabindex=\"-1\">Mitgliederbereich<\/a>\n<ul class=\"sub-menu elementor-nav-menu--dropdown\">\n\t<li class=\"menu-item menu-item-type-post_type menu-item-object-page menu-item-12550\"><a href=\"https:\/\/www.linzag-sport.at\/foto\/fotostudio\/\" class=\"elementor-sub-item\" tabindex=\"-1\">Fotostudio<\/a><\/li>\n\t<li class=\"menu-item menu-item-type-post_type menu-item-object-page menu-item-12615\"><a href=\"https:\/\/www.linzag-sport.at\/foto\/buchung-fotostudio\/\" class=\"elementor-sub-item\" tabindex=\"-1\">Buchungskalender<\/a><\/li>\n<\/ul>\n<\/li>\n<\/ul>\t\t\t<\/nav>\n\t\t\t\t\t\t<\/div>\n\t\t\t\t<\/div>\n\t\t\t\t\t<\/div>\n\t\t<\/div>\n\t\t\t\t<div class=\"elementor-column elementor-col-50 elementor-inner-column elementor-element elementor-element-8869ba4\" data-id=\"8869ba4\" data-element_type=\"column\">\n\t\t\t<div class=\"elementor-widget-wrap elementor-element-populated\">\n\t\t\t\t\t\t<div class=\"elementor-element elementor-element-9cb8b6f elementor-widget elementor-widget-text-editor\" data-id=\"9cb8b6f\" data-element_type=\"widget\" data-widget_type=\"text-editor.default\">\n\t\t\t\t<div class=\"elementor-widget-container\">\n\t\t\t\t\t\t\t\t\t<h3>informationen zur Sektion\u00a0<\/h3>\t\t\t\t\t\t\t\t<\/div>\n\t\t\t\t<\/div>\n\t\t\t\t<div class=\"elementor-element elementor-element-54d31bd elementor-widget elementor-widget-text-editor\" data-id=\"54d31bd\" data-element_type=\"widget\" data-widget_type=\"text-editor.default\">\n\t\t\t\t<div class=\"elementor-widget-container\">\n\t\t\t\t\t\t\t\t\t<p>Wir freuen uns \u00fcber dein Interesse an der Sektion Foto &amp; Film.\u00a0<\/p><p>N\u00e4here Informationen zu einer Mitgliedschaft entnimm bitte den nachstehenden Formularen.<\/p><p>\u00a0<\/p>\t\t\t\t\t\t\t\t<\/div>\n\t\t\t\t<\/div>\n\t\t\t\t<div class=\"elementor-element elementor-element-51e4004 elementor-widget elementor-widget-text-editor\" data-id=\"51e4004\" data-element_type=\"widget\" data-widget_type=\"text-editor.default\">\n\t\t\t\t<div class=\"elementor-widget-container\">\n\t\t\t\t\t\t\t\t\t<h4>Formulare<\/h4>\t\t\t\t\t\t\t\t<\/div>\n\t\t\t\t<\/div>\n\t\t\t\t<div class=\"elementor-element elementor-element-20704d7 elementor-widget elementor-widget-qodef_button\" data-id=\"20704d7\" data-element_type=\"widget\" data-widget_type=\"qodef_button.default\">\n\t\t\t\t<div class=\"elementor-widget-container\">\n\t\t\t\t\t<a itemprop=\"url\" href=\"https:\/\/www.linzag-sport.at\/foto\/wp-content\/uploads\/sites\/13\/2025\/07\/2025-10_Mitgliedsbedingungen_FotoFilm.pdf\" target=\"_self\"  class=\"qodef-btn qodef-btn-medium qodef-btn-solid\"  >\n    <span class=\"qodef-btn-text\"><span class=\"qodef-btn-text-inner\">Mitgliedsbedingungen Sektion Foto &amp; Film<\/span><\/span>\n    <span class=\"qodef-btn-text-inner qodef-btn-text-inner-icon\">\n    \t    \t\t\n    <\/span>\n<\/a>\t\t\t\t<\/div>\n\t\t\t\t<\/div>\n\t\t\t\t<div class=\"elementor-element elementor-element-0d6ec46 elementor-widget elementor-widget-qodef_button\" data-id=\"0d6ec46\" data-element_type=\"widget\" data-widget_type=\"qodef_button.default\">\n\t\t\t\t<div class=\"elementor-widget-container\">\n\t\t\t\t\t<a itemprop=\"url\" href=\"https:\/\/www.linzag-sport.at\/foto\/wp-content\/uploads\/sites\/13\/2025\/07\/2025-10_Studiobenuetzungsordnung_FotoFilm.pdf\" target=\"_self\"  class=\"qodef-btn qodef-btn-medium qodef-btn-solid\"  >\n    <span class=\"qodef-btn-text\"><span class=\"qodef-btn-text-inner\">Studioben\u00fctzungsordnung Sektion Foto &amp; Film<\/span><\/span>\n    <span class=\"qodef-btn-text-inner qodef-btn-text-inner-icon\">\n    \t    \t\t\n    <\/span>\n<\/a>\t\t\t\t<\/div>\n\t\t\t\t<\/div>\n\t\t\t\t<div class=\"elementor-element elementor-element-9fa0238 elementor-widget elementor-widget-qodef_button\" data-id=\"9fa0238\" data-element_type=\"widget\" data-widget_type=\"qodef_button.default\">\n\t\t\t\t<div class=\"elementor-widget-container\">\n\t\t\t\t\t<a itemprop=\"url\" href=\"https:\/\/www.linzag-sport.at\/foto\/wp-content\/uploads\/sites\/13\/2025\/04\/2025_Beitrittsformular-Sportverein.pdf\" target=\"_blank\"  class=\"qodef-btn qodef-btn-medium qodef-btn-solid\"  >\n    <span class=\"qodef-btn-text\"><span class=\"qodef-btn-text-inner\">Beitrittsformular Sektion Foto &amp; Film<\/span><\/span>\n    <span class=\"qodef-btn-text-inner qodef-btn-text-inner-icon\">\n    \t    \t\t\n    <\/span>\n<\/a>\t\t\t\t<\/div>\n\t\t\t\t<\/div>\n\t\t<div class=\"elementor-element elementor-element-4bcae36 info elementor-hidden-desktop e-flex e-con-boxed e-con e-parent\" data-id=\"4bcae36\" data-element_type=\"container\" data-settings=\"{&quot;background_background&quot;:&quot;classic&quot;}\">\n\t\t\t\t\t<div class=\"e-con-inner\">\n\t\t\t\t<div class=\"elementor-element elementor-element-1acf718 elementor-widget elementor-widget-text-editor\" data-id=\"1acf718\" data-element_type=\"widget\" data-widget_type=\"text-editor.default\">\n\t\t\t\t<div class=\"elementor-widget-container\">\n\t\t\t\t\t\t\t\t\t<h4><strong style=\"color: white\">Sektionsleiter:<\/strong><\/h4><p>G\u00fcnther Gr\u00f6ger\u00a0<br \/><strong>Tel: <\/strong>0699 \/ 10 68 20 57<br \/><strong>Mail: <\/strong><a href=\"mailto:g.groeger@liwest.at\">g.groeger@liwest.at\u00a0 \u00a0<\/a> \u00a0 \u00a0 <a href=\"mailto:fotoundfilm@linzag.at\">fotoundfilm@linzag.at<\/a><\/p><h4><strong style=\"color: white\">Sektionsleiter-STV:<\/strong><\/h4><p>Peter Kerschbaummayr\u00a0\u00a0<br \/><strong>Tel:<\/strong> <a href=\"tel:066480 340 3266\">0664\/80 340 3266<\/a><br \/><strong>Mail:<\/strong> <a href=\"mailto:p.kerschbaummayr@linzag.at\">p.kerschbaummayr@linzag.at<\/a><\/p><p>Manuel Gass<br \/><strong>Tel: <\/strong><a href=\"tel:06605226601\">0660 \/ 52 26 601<\/a><br \/><strong>Mail: <\/strong><a href=\"mailto:m.gass@linzag.at\">m.gass@linzag.at<\/a><\/p><p><strong>Veranstaltungen<\/strong> werden laufend online ausgeschrieben<\/p><p><strong>Gr\u00fcndungsjahr: <\/strong>1977<\/p><p><strong>Trainingsst\u00e4tte: <\/strong>Clubr\u00e4ume im\u00a0LINZ AG Sportcenter, Holzstrasse\u00a0<br \/><br \/>\n<div class=\"mp_wrapper mp_login_form\">\n                  <!-- mp-login-form-start -->     <form name=\"mepr_loginform\" id=\"mepr_loginform\" class=\"mepr-form\" action=\"https:\/\/www.linzag-sport.at\/foto\/login\/\" method=\"post\">\n            <div class=\"mp-form-row mepr_username\">\n        <div class=\"mp-form-label\">\n                              <label for=\"user_login\">Benutzername oder E-Mail<\/label>\n        <\/div>\n        <input type=\"text\" name=\"log\" id=\"user_login\" value=\"\" \/>\n      <\/div>\n      <div class=\"mp-form-row mepr_password\">\n        <div class=\"mp-form-label\">\n          <label for=\"user_pass\">Passwort<\/label>\n          <div class=\"mp-hide-pw\">\n            <input type=\"password\" name=\"pwd\" id=\"user_pass\" value=\"\" \/>\n            <button type=\"button\" class=\"button mp-hide-pw hide-if-no-js\" data-toggle=\"0\" aria-label=\"Passwort anzeigen\">\n              <span class=\"dashicons dashicons-visibility\" aria-hidden=\"true\"><\/span>\n            <\/button>\n          <\/div>\n        <\/div>\n      <\/div>\n            <div>\n        <label><input name=\"rememberme\" type=\"checkbox\" id=\"rememberme\" value=\"forever\" \/> Angemeldet bleiben<\/label>\n      <\/div>\n      <div class=\"mp-spacer\">&nbsp;<\/div>\n      <div class=\"submit\">\n        <input type=\"submit\" name=\"wp-submit\" id=\"wp-submit\" class=\"button-primary mepr-share-button \" value=\"Anmelden\" \/>\n        <input type=\"hidden\" name=\"redirect_to\" value=\"\/foto\/wp-json\/wp\/v2\/pages\/20151\" \/>\n        <input type=\"hidden\" name=\"mepr_process_login_form\" value=\"true\" \/>\n        <input type=\"hidden\" name=\"mepr_is_login_page\" value=\"false\" \/>\n      <\/div>\n    <\/form>\n    <div class=\"mp-spacer\">&nbsp;<\/div>\n    <div class=\"mepr-login-actions\">\n        <a\n          href=\"https:\/\/www.linzag-sport.at\/foto\/login\/?action=forgot_password\"\n          title=\"Click here to reset your password\"\n        >\n          Passwort vergessen        <\/a>\n    <\/div>\n\n      \n    <!-- mp-login-form-end --> \n  <\/div>\n<\/p>\t\t\t\t\t\t\t\t<\/div>\n\t\t\t\t<\/div>\n\t\t\t\t\t<\/div>\n\t\t\t\t<\/div>\n\t\t\t\t\t<\/div>\n\t\t<\/div>\n\t\t\t\t\t<\/div>\n\t\t<\/section>\n\t\t\t\t\t<\/div>\n\t\t<\/div>\n\t\t\t\t\t<\/div>\n\t\t<\/section>\n\t\t<div class=\"elementor-element elementor-element-4c7a53b e-flex e-con-boxed e-con e-parent\" data-id=\"4c7a53b\" data-element_type=\"container\">\n\t\t\t\t\t<div class=\"e-con-inner\">\n\t\t\t\t<div class=\"elementor-element elementor-element-11cef78 elementor-widget elementor-widget-spacer\" data-id=\"11cef78\" data-element_type=\"widget\" data-widget_type=\"spacer.default\">\n\t\t\t\t<div class=\"elementor-widget-container\">\n\t\t\t\t\t\t\t<div class=\"elementor-spacer\">\n\t\t\t<div class=\"elementor-spacer-inner\"><\/div>\n\t\t<\/div>\n\t\t\t\t\t\t<\/div>\n\t\t\t\t<\/div>\n\t\t\t\t\t<\/div>\n\t\t\t\t<\/div>\n\t\t\t\t<\/div>\n\t\t","protected":false},"excerpt":{"rendered":"<p>Men\u00fc informationen zur Sektion\u00a0 Wir freuen uns \u00fcber dein Interesse an der Sektion Foto &amp; Film.\u00a0 N\u00e4here Informationen zu einer Mitgliedschaft entnimm bitte den nachstehenden Formularen. \u00a0 Formulare Mitgliedsbedingungen Sektion Foto &amp; Film Studioben\u00fctzungsordnung Sektion Foto &amp; Film Beitrittsformular Sektion Foto &amp; Film Sektionsleiter: G\u00fcnther Gr\u00f6ger\u00a0Tel: 0699 \/ 10 68 20 57Mail: g.groeger@liwest.at\u00a0 \u00a0 \u00a0 \u00a0 fotoundfilm@linzag.at Sektionsleiter-STV: Peter Kerschbaummayr\u00a0\u00a0Tel: 0664\/80 340 3266Mail: p.kerschbaummayr@linzag.at Manuel GassTel: 0660 \/ 52 26 601Mail: m.gass@linzag.at Veranstaltungen werden laufend online ausgeschrieben Gr\u00fcndungsjahr: 1977 Trainingsst\u00e4tte: Clubr\u00e4ume im\u00a0LINZ AG Sportcenter, Holzstrasse\u00a0<\/p>\n","protected":false},"author":1,"featured_media":0,"parent":0,"menu_order":0,"comment_status":"closed","ping_status":"closed","template":"full-width.php","meta":{"_acf_changed":false,"_bbp_topic_count":0,"_bbp_reply_count":0,"_bbp_total_topic_count":0,"_bbp_total_reply_count":0,"_bbp_voice_count":0,"_bbp_anonymous_reply_count":0,"_bbp_topic_count_hidden":0,"_bbp_reply_count_hidden":0,"_bbp_forum_subforum_count":0,"pgc_sgb_lightbox_settings":"","_price":"","_stock":"","_tribe_ticket_header":"","_tribe_default_ticket_provider":"","_tribe_ticket_capacity":"0","_ticket_start_date":"","_ticket_end_date":"","_tribe_ticket_show_description":"","_tribe_ticket_show_not_going":false,"_tribe_ticket_use_global_stock":"","_tribe_ticket_global_stock_level":"","_global_stock_mode":"","_global_stock_cap":"","_tribe_rsvp_for_event":"","_tribe_ticket_going_count":"","_tribe_ticket_not_going_count":"","_tribe_tickets_list":"[]","_tribe_ticket_has_attendee_info_fields":false,"footnotes":"","_tec_slr_enabled":"","_tec_slr_layout":""},"class_list":["post-20151","page","type-page","status-publish","hentry"],"acf":[],"yoast_head":"<!-- This site is optimized with the Yoast SEO plugin v25.1 - https:\/\/yoast.com\/wordpress\/plugins\/seo\/ -->\n<title>Informationen - Foto &amp; Film<\/title>\n<meta name=\"robots\" content=\"index, follow, max-snippet:-1, max-image-preview:large, max-video-preview:-1\" \/>\n<link rel=\"canonical\" href=\"https:\/\/www.linzag-sport.at\/foto\/foto-film-informationen\/\" \/>\n<meta property=\"og:locale\" content=\"de_DE\" \/>\n<meta property=\"og:type\" content=\"article\" \/>\n<meta property=\"og:title\" content=\"Informationen - Foto &amp; Film\" \/>\n<meta property=\"og:description\" content=\"Men\u00fc informationen zur Sektion\u00a0 Wir freuen uns \u00fcber dein Interesse an der Sektion Foto &amp; Film.\u00a0 N\u00e4here Informationen zu einer Mitgliedschaft entnimm bitte den nachstehenden Formularen. \u00a0 Formulare Mitgliedsbedingungen Sektion Foto &amp; Film Studioben\u00fctzungsordnung Sektion Foto &amp; Film Beitrittsformular Sektion Foto &amp; Film Sektionsleiter: G\u00fcnther Gr\u00f6ger\u00a0Tel: 0699 \/ 10 68 20 57Mail: g.groeger@liwest.at\u00a0 \u00a0 \u00a0 \u00a0 fotoundfilm@linzag.at Sektionsleiter-STV: Peter Kerschbaummayr\u00a0\u00a0Tel: 0664\/80 340 3266Mail: p.kerschbaummayr@linzag.at Manuel GassTel: 0660 \/ 52 26 601Mail: m.gass@linzag.at Veranstaltungen werden laufend online ausgeschrieben Gr\u00fcndungsjahr: 1977 Trainingsst\u00e4tte: Clubr\u00e4ume im\u00a0LINZ AG Sportcenter, Holzstrasse\u00a0\" \/>\n<meta property=\"og:url\" content=\"https:\/\/www.linzag-sport.at\/foto\/foto-film-informationen\/\" \/>\n<meta property=\"og:site_name\" content=\"Foto &amp; Film\" \/>\n<meta property=\"article:modified_time\" content=\"2025-10-31T09:31:07+00:00\" \/>\n<meta name=\"twitter:card\" content=\"summary_large_image\" \/>\n<meta name=\"twitter:label1\" content=\"Gesch\u00e4tzte Lesezeit\" \/>\n\t<meta name=\"twitter:data1\" content=\"1\u00a0Minute\" \/>\n<script type=\"application\/ld+json\" class=\"yoast-schema-graph\">{\"@context\":\"https:\/\/schema.org\",\"@graph\":[{\"@type\":\"WebPage\",\"@id\":\"https:\/\/www.linzag-sport.at\/foto\/foto-film-informationen\/\",\"url\":\"https:\/\/www.linzag-sport.at\/foto\/foto-film-informationen\/\",\"name\":\"Informationen - Foto & Film\",\"isPartOf\":{\"@id\":\"https:\/\/www.linzag-sport.at\/foto\/#website\"},\"datePublished\":\"2025-02-25T09:07:11+00:00\",\"dateModified\":\"2025-10-31T09:31:07+00:00\",\"breadcrumb\":{\"@id\":\"https:\/\/www.linzag-sport.at\/foto\/foto-film-informationen\/#breadcrumb\"},\"inLanguage\":\"de\",\"potentialAction\":[{\"@type\":\"ReadAction\",\"target\":[\"https:\/\/www.linzag-sport.at\/foto\/foto-film-informationen\/\"]}]},{\"@type\":\"BreadcrumbList\",\"@id\":\"https:\/\/www.linzag-sport.at\/foto\/foto-film-informationen\/#breadcrumb\",\"itemListElement\":[{\"@type\":\"ListItem\",\"position\":1,\"name\":\"Startseite\",\"item\":\"https:\/\/www.linzag-sport.at\/foto\/\"},{\"@type\":\"ListItem\",\"position\":2,\"name\":\"Informationen\"}]},{\"@type\":\"WebSite\",\"@id\":\"https:\/\/www.linzag-sport.at\/foto\/#website\",\"url\":\"https:\/\/www.linzag-sport.at\/foto\/\",\"name\":\"Foto & Film\",\"description\":\"\",\"potentialAction\":[{\"@type\":\"SearchAction\",\"target\":{\"@type\":\"EntryPoint\",\"urlTemplate\":\"https:\/\/www.linzag-sport.at\/foto\/?s={search_term_string}\"},\"query-input\":{\"@type\":\"PropertyValueSpecification\",\"valueRequired\":true,\"valueName\":\"search_term_string\"}}],\"inLanguage\":\"de\"}]}<\/script>\n<!-- \/ Yoast SEO plugin. -->","yoast_head_json":{"title":"Informationen - Foto & Film","robots":{"index":"index","follow":"follow","max-snippet":"max-snippet:-1","max-image-preview":"max-image-preview:large","max-video-preview":"max-video-preview:-1"},"canonical":"https:\/\/www.linzag-sport.at\/foto\/foto-film-informationen\/","og_locale":"de_DE","og_type":"article","og_title":"Informationen - Foto & Film","og_description":"Men\u00fc informationen zur Sektion\u00a0 Wir freuen uns \u00fcber dein Interesse an der Sektion Foto &amp; Film.\u00a0 N\u00e4here Informationen zu einer Mitgliedschaft entnimm bitte den nachstehenden Formularen. \u00a0 Formulare Mitgliedsbedingungen Sektion Foto &amp; Film Studioben\u00fctzungsordnung Sektion Foto &amp; Film Beitrittsformular Sektion Foto &amp; Film Sektionsleiter: G\u00fcnther Gr\u00f6ger\u00a0Tel: 0699 \/ 10 68 20 57Mail: g.groeger@liwest.at\u00a0 \u00a0 \u00a0 \u00a0 fotoundfilm@linzag.at Sektionsleiter-STV: Peter Kerschbaummayr\u00a0\u00a0Tel: 0664\/80 340 3266Mail: p.kerschbaummayr@linzag.at Manuel GassTel: 0660 \/ 52 26 601Mail: m.gass@linzag.at Veranstaltungen werden laufend online ausgeschrieben Gr\u00fcndungsjahr: 1977 Trainingsst\u00e4tte: Clubr\u00e4ume im\u00a0LINZ AG Sportcenter, Holzstrasse\u00a0","og_url":"https:\/\/www.linzag-sport.at\/foto\/foto-film-informationen\/","og_site_name":"Foto & Film","article_modified_time":"2025-10-31T09:31:07+00:00","twitter_card":"summary_large_image","twitter_misc":{"Gesch\u00e4tzte Lesezeit":"1\u00a0Minute"},"schema":{"@context":"https:\/\/schema.org","@graph":[{"@type":"WebPage","@id":"https:\/\/www.linzag-sport.at\/foto\/foto-film-informationen\/","url":"https:\/\/www.linzag-sport.at\/foto\/foto-film-informationen\/","name":"Informationen - Foto & Film","isPartOf":{"@id":"https:\/\/www.linzag-sport.at\/foto\/#website"},"datePublished":"2025-02-25T09:07:11+00:00","dateModified":"2025-10-31T09:31:07+00:00","breadcrumb":{"@id":"https:\/\/www.linzag-sport.at\/foto\/foto-film-informationen\/#breadcrumb"},"inLanguage":"de","potentialAction":[{"@type":"ReadAction","target":["https:\/\/www.linzag-sport.at\/foto\/foto-film-informationen\/"]}]},{"@type":"BreadcrumbList","@id":"https:\/\/www.linzag-sport.at\/foto\/foto-film-informationen\/#breadcrumb","itemListElement":[{"@type":"ListItem","position":1,"name":"Startseite","item":"https:\/\/www.linzag-sport.at\/foto\/"},{"@type":"ListItem","position":2,"name":"Informationen"}]},{"@type":"WebSite","@id":"https:\/\/www.linzag-sport.at\/foto\/#website","url":"https:\/\/www.linzag-sport.at\/foto\/","name":"Foto & Film","description":"","potentialAction":[{"@type":"SearchAction","target":{"@type":"EntryPoint","urlTemplate":"https:\/\/www.linzag-sport.at\/foto\/?s={search_term_string}"},"query-input":{"@type":"PropertyValueSpecification","valueRequired":true,"valueName":"search_term_string"}}],"inLanguage":"de"}]}},"ticketed":false,"_links":{"self":[{"href":"https:\/\/www.linzag-sport.at\/foto\/wp-json\/wp\/v2\/pages\/20151","targetHints":{"allow":["GET"]}}],"collection":[{"href":"https:\/\/www.linzag-sport.at\/foto\/wp-json\/wp\/v2\/pages"}],"about":[{"href":"https:\/\/www.linzag-sport.at\/foto\/wp-json\/wp\/v2\/types\/page"}],"author":[{"embeddable":true,"href":"https:\/\/www.linzag-sport.at\/foto\/wp-json\/wp\/v2\/users\/1"}],"replies":[{"embeddable":true,"href":"https:\/\/www.linzag-sport.at\/foto\/wp-json\/wp\/v2\/comments?post=20151"}],"version-history":[{"count":3,"href":"https:\/\/www.linzag-sport.at\/foto\/wp-json\/wp\/v2\/pages\/20151\/revisions"}],"predecessor-version":[{"id":20640,"href":"https:\/\/www.linzag-sport.at\/foto\/wp-json\/wp\/v2\/pages\/20151\/revisions\/20640"}],"wp:attachment":[{"href":"https:\/\/www.linzag-sport.at\/foto\/wp-json\/wp\/v2\/media?parent=20151"}],"curies":[{"name":"wp","href":"https:\/\/api.w.org\/{rel}","templated":true}]}}