{"id":11878,"date":"2024-09-02T21:45:38","date_gmt":"2024-09-02T19:45:38","guid":{"rendered":"https:\/\/www.linzag-sport.at\/bogensport-multisite\/tickets-checkout\/"},"modified":"2024-09-02T21:45:38","modified_gmt":"2024-09-02T19:45:38","slug":"tickets-checkout","status":"publish","type":"page","link":"https:\/\/www.linzag-sport.at\/bogensport\/tickets-checkout\/","title":{"rendered":"Kasse"},"content":{"rendered":"<link rel='stylesheet' id='tec-variables-skeleton-css' href='https:\/\/www.linzag-sport.at\/bogensport\/wp-content\/plugins\/event-tickets\/common\/src\/resources\/css\/variables-skeleton.min.css?ver=6.6.0.1' type='text\/css' media='all' \/>\n<link rel='stylesheet' id='tribe-common-skeleton-style-css' href='https:\/\/www.linzag-sport.at\/bogensport\/wp-content\/plugins\/event-tickets\/common\/src\/resources\/css\/common-skeleton.min.css?ver=6.6.0.1' type='text\/css' media='all' \/>\n<link rel='stylesheet' id='tec-variables-full-css' href='https:\/\/www.linzag-sport.at\/bogensport\/wp-content\/plugins\/event-tickets\/common\/src\/resources\/css\/variables-full.min.css?ver=6.6.0.1' type='text\/css' media='all' \/>\n<link rel='stylesheet' id='tribe-common-full-style-css' href='https:\/\/www.linzag-sport.at\/bogensport\/wp-content\/plugins\/event-tickets\/common\/src\/resources\/css\/common-full.min.css?ver=6.6.0.1' type='text\/css' media='all' \/>\n<link rel='stylesheet' id='tribe-common-responsive-css' href='https:\/\/www.linzag-sport.at\/bogensport\/wp-content\/plugins\/event-tickets\/src\/resources\/css\/common-responsive.min.css?ver=5.22.0.1' type='text\/css' media='all' \/>\n<link rel='stylesheet' id='tribe-tickets-commerce-style-css' href='https:\/\/www.linzag-sport.at\/bogensport\/wp-content\/plugins\/event-tickets\/src\/resources\/css\/tickets-commerce.min.css?ver=5.22.0.1' type='text\/css' media='all' \/>\n<link rel='stylesheet' id='tribe-tickets-commerce-stripe-style-css' href='https:\/\/www.linzag-sport.at\/bogensport\/wp-content\/plugins\/event-tickets\/src\/resources\/css\/tickets-commerce\/gateway\/stripe.min.css?ver=5.22.0.1' type='text\/css' media='all' \/>\n<link rel='stylesheet' id='tribe-tickets-commerce-free-style-css' href='https:\/\/www.linzag-sport.at\/bogensport\/wp-content\/plugins\/event-tickets\/src\/resources\/css\/tickets-commerce\/gateway\/free.min.css?ver=5.22.0.1' type='text\/css' media='all' \/>\n<link rel='stylesheet' id='tribe-tickets-commerce-paypal-style-css' href='https:\/\/www.linzag-sport.at\/bogensport\/wp-content\/plugins\/event-tickets\/src\/resources\/css\/tickets-commerce\/gateway\/paypal.min.css?ver=5.22.0.1' type='text\/css' media='all' \/>\n<div class=\"tribe-common event-tickets\">\n\t<section\n\t\tclass=\"tribe-tickets__commerce-checkout\"\n\t\t data-js=\"tec-tickets-commerce-notice\" data-notice-default-title=\"Bezahlvorgang leider nicht m\u00f6glich!\" data-notice-default-content=\"Der Zahlungsvorgangs ist leider derzeit nicht m\u00f6glich, da die gew\u00e4hlte Zahlungsart noch nicht zur Verf\u00fcgung steht. Bitte wende dich an den Administrator.\" \t>\n\t\t<input type=\"hidden\" id=\"tec-tc-checkout-nonce\" name=\"tec-tc-checkout-nonce\" value=\"65da84fa77\" \/><input type=\"hidden\" name=\"_wp_http_referer\" value=\"\/bogensport\/wp-json\/wp\/v2\/pages\/11878\" \/>\t\t<header class=\"tribe-tickets__commerce-checkout-header\">\n\t<h3 class=\"tribe-common-h2 tribe-tickets__commerce-checkout-header-title\">\n\tTickets kaufen<\/h3>\n\t<\/header>\n\t\t\t\t<div  class=\"tribe-tickets-loader__dots tribe-common-c-loader tribe-common-a11y-hidden\" >\n\t<svg  class=\"tribe-common-c-svgicon tribe-common-c-svgicon--dot tribe-common-c-loader__dot tribe-common-c-loader__dot--first\"  viewBox=\"0 0 15 15\" xmlns=\"http:\/\/www.w3.org\/2000\/svg\"><circle cx=\"7.5\" cy=\"7.5\" r=\"7.5\"\/><\/svg>\n\t<svg  class=\"tribe-common-c-svgicon tribe-common-c-svgicon--dot tribe-common-c-loader__dot tribe-common-c-loader__dot--second\"  viewBox=\"0 0 15 15\" xmlns=\"http:\/\/www.w3.org\/2000\/svg\"><circle cx=\"7.5\" cy=\"7.5\" r=\"7.5\"\/><\/svg>\n\t<svg  class=\"tribe-common-c-svgicon tribe-common-c-svgicon--dot tribe-common-c-loader__dot tribe-common-c-loader__dot--third\"  viewBox=\"0 0 15 15\" xmlns=\"http:\/\/www.w3.org\/2000\/svg\"><circle cx=\"7.5\" cy=\"7.5\" r=\"7.5\"\/><\/svg>\n<\/div>\n\t\t<div id=\"\"  class=\"tribe-tickets__notice tribe-tickets__notice--error tribe-tickets__commerce-checkout-notice\" >\n\t\t\t<h3 class=\"tribe-common-h7 tribe-tickets-notice__title\">Fehler beim Bezahlvorgang!<\/h3>\n\t\n\t<div  class=\"tribe-common-b2 tribe-tickets-notice__content tribe-tickets__commerce-checkout-notice-content\" >\n\t\tEtwas ist schief gelaufen!\t<\/div>\n<\/div>\n\t\t<div class=\"tribe-tickets__commerce-checkout-cart-empty\">\n\t<h3 class=\"tribe-common-h3 tribe-tickets__commerce-checkout-cart-empty-title\">\n\tHoppla, keine Tickets!<\/h3>\n\n\t<div class=\"tribe-common-b1 tribe-tickets__commerce-checkout-cart-empty-description\">\n\tBitte <a href=\"https:\/\/www.linzag-sport.at\/bogensport\/events\/\" class=\"tribe-common-anchor-alt tribe-tickets__commerce-checkout-cart-empty-description-link\">w\u00e4hlen Veranstaltungen aus<\/a> and f\u00fcgen Tickets zum Bestellen hinzu.<\/div>\n\n<\/div>\n\t\t\t\t\t\t<footer class=\"tribe-tickets__commerce-checkout-footer\">\n\t<\/footer>\n\t\t\t<\/section>\n<\/div>\n","protected":false},"excerpt":{"rendered":"","protected":false},"author":13,"featured_media":0,"parent":0,"menu_order":0,"comment_status":"closed","ping_status":"closed","template":"","meta":{"_acf_changed":false,"_price":"","_stock":"","_tribe_ticket_header":"","_tribe_default_ticket_provider":"","_tribe_ticket_capacity":"0","_ticket_start_date":"","_ticket_end_date":"","_tribe_ticket_show_description":"","_tribe_ticket_show_not_going":false,"_tribe_ticket_use_global_stock":"","_tribe_ticket_global_stock_level":"","_global_stock_mode":"","_global_stock_cap":"","_tribe_rsvp_for_event":"","_tribe_ticket_going_count":"","_tribe_ticket_not_going_count":"","_tribe_tickets_list":"[]","_tribe_ticket_has_attendee_info_fields":false,"footnotes":"","_tec_slr_enabled":"","_tec_slr_layout":""},"class_list":["post-11878","page","type-page","status-publish","hentry"],"acf":[],"yoast_head":"<!-- This site is optimized with the Yoast SEO plugin v25.1 - https:\/\/yoast.com\/wordpress\/plugins\/seo\/ -->\n<title>Kasse - Bogensport<\/title>\n<meta name=\"robots\" content=\"index, follow, max-snippet:-1, max-image-preview:large, max-video-preview:-1\" \/>\n<link rel=\"canonical\" href=\"https:\/\/www.linzag-sport.at\/bogensport\/tickets-checkout\/\" \/>\n<meta property=\"og:locale\" content=\"de_DE\" \/>\n<meta property=\"og:type\" content=\"article\" \/>\n<meta property=\"og:title\" content=\"Kasse - Bogensport\" \/>\n<meta property=\"og:url\" content=\"https:\/\/www.linzag-sport.at\/bogensport\/tickets-checkout\/\" \/>\n<meta property=\"og:site_name\" content=\"Bogensport\" \/>\n<meta name=\"twitter:card\" content=\"summary_large_image\" \/>\n<script type=\"application\/ld+json\" class=\"yoast-schema-graph\">{\"@context\":\"https:\/\/schema.org\",\"@graph\":[{\"@type\":\"WebPage\",\"@id\":\"https:\/\/www.linzag-sport.at\/bogensport\/tickets-checkout\/\",\"url\":\"https:\/\/www.linzag-sport.at\/bogensport\/tickets-checkout\/\",\"name\":\"Kasse - Bogensport\",\"isPartOf\":{\"@id\":\"https:\/\/www.linzag-sport.at\/bogensport\/#website\"},\"datePublished\":\"2024-09-02T19:45:38+00:00\",\"breadcrumb\":{\"@id\":\"https:\/\/www.linzag-sport.at\/bogensport\/tickets-checkout\/#breadcrumb\"},\"inLanguage\":\"de\",\"potentialAction\":[{\"@type\":\"ReadAction\",\"target\":[\"https:\/\/www.linzag-sport.at\/bogensport\/tickets-checkout\/\"]}]},{\"@type\":\"BreadcrumbList\",\"@id\":\"https:\/\/www.linzag-sport.at\/bogensport\/tickets-checkout\/#breadcrumb\",\"itemListElement\":[{\"@type\":\"ListItem\",\"position\":1,\"name\":\"Startseite\",\"item\":\"https:\/\/www.linzag-sport.at\/bogensport\/\"},{\"@type\":\"ListItem\",\"position\":2,\"name\":\"Kasse\"}]},{\"@type\":\"WebSite\",\"@id\":\"https:\/\/www.linzag-sport.at\/bogensport\/#website\",\"url\":\"https:\/\/www.linzag-sport.at\/bogensport\/\",\"name\":\"Bogensport\",\"description\":\"\",\"potentialAction\":[{\"@type\":\"SearchAction\",\"target\":{\"@type\":\"EntryPoint\",\"urlTemplate\":\"https:\/\/www.linzag-sport.at\/bogensport\/?s={search_term_string}\"},\"query-input\":{\"@type\":\"PropertyValueSpecification\",\"valueRequired\":true,\"valueName\":\"search_term_string\"}}],\"inLanguage\":\"de\"}]}<\/script>\n<!-- \/ Yoast SEO plugin. -->","yoast_head_json":{"title":"Kasse - Bogensport","robots":{"index":"index","follow":"follow","max-snippet":"max-snippet:-1","max-image-preview":"max-image-preview:large","max-video-preview":"max-video-preview:-1"},"canonical":"https:\/\/www.linzag-sport.at\/bogensport\/tickets-checkout\/","og_locale":"de_DE","og_type":"article","og_title":"Kasse - Bogensport","og_url":"https:\/\/www.linzag-sport.at\/bogensport\/tickets-checkout\/","og_site_name":"Bogensport","twitter_card":"summary_large_image","schema":{"@context":"https:\/\/schema.org","@graph":[{"@type":"WebPage","@id":"https:\/\/www.linzag-sport.at\/bogensport\/tickets-checkout\/","url":"https:\/\/www.linzag-sport.at\/bogensport\/tickets-checkout\/","name":"Kasse - Bogensport","isPartOf":{"@id":"https:\/\/www.linzag-sport.at\/bogensport\/#website"},"datePublished":"2024-09-02T19:45:38+00:00","breadcrumb":{"@id":"https:\/\/www.linzag-sport.at\/bogensport\/tickets-checkout\/#breadcrumb"},"inLanguage":"de","potentialAction":[{"@type":"ReadAction","target":["https:\/\/www.linzag-sport.at\/bogensport\/tickets-checkout\/"]}]},{"@type":"BreadcrumbList","@id":"https:\/\/www.linzag-sport.at\/bogensport\/tickets-checkout\/#breadcrumb","itemListElement":[{"@type":"ListItem","position":1,"name":"Startseite","item":"https:\/\/www.linzag-sport.at\/bogensport\/"},{"@type":"ListItem","position":2,"name":"Kasse"}]},{"@type":"WebSite","@id":"https:\/\/www.linzag-sport.at\/bogensport\/#website","url":"https:\/\/www.linzag-sport.at\/bogensport\/","name":"Bogensport","description":"","potentialAction":[{"@type":"SearchAction","target":{"@type":"EntryPoint","urlTemplate":"https:\/\/www.linzag-sport.at\/bogensport\/?s={search_term_string}"},"query-input":{"@type":"PropertyValueSpecification","valueRequired":true,"valueName":"search_term_string"}}],"inLanguage":"de"}]}},"ticketed":false,"_links":{"self":[{"href":"https:\/\/www.linzag-sport.at\/bogensport\/wp-json\/wp\/v2\/pages\/11878","targetHints":{"allow":["GET"]}}],"collection":[{"href":"https:\/\/www.linzag-sport.at\/bogensport\/wp-json\/wp\/v2\/pages"}],"about":[{"href":"https:\/\/www.linzag-sport.at\/bogensport\/wp-json\/wp\/v2\/types\/page"}],"author":[{"embeddable":true,"href":"https:\/\/www.linzag-sport.at\/bogensport\/wp-json\/wp\/v2\/users\/13"}],"replies":[{"embeddable":true,"href":"https:\/\/www.linzag-sport.at\/bogensport\/wp-json\/wp\/v2\/comments?post=11878"}],"version-history":[{"count":0,"href":"https:\/\/www.linzag-sport.at\/bogensport\/wp-json\/wp\/v2\/pages\/11878\/revisions"}],"wp:attachment":[{"href":"https:\/\/www.linzag-sport.at\/bogensport\/wp-json\/wp\/v2\/media?parent=11878"}],"curies":[{"name":"wp","href":"https:\/\/api.w.org\/{rel}","templated":true}]}}