{"id":20073,"date":"2025-03-05T09:48:58","date_gmt":"2025-03-05T08:48:58","guid":{"rendered":"https:\/\/www.linzag-sport.at\/berg-action\/?page_id=20073"},"modified":"2025-03-05T09:50:24","modified_gmt":"2025-03-05T08:50:24","slug":"berg-action-neue-seite","status":"publish","type":"page","link":"https:\/\/www.linzag-sport.at\/berg-action\/berg-action-neue-seite\/","title":{"rendered":"Berg &#038; Action Neue Seite"},"content":{"rendered":"\t\t<div data-elementor-type=\"wp-page\" data-elementor-id=\"20073\" class=\"elementor elementor-20073\" data-elementor-post-type=\"page\">\n\t\t\t\t\t\t<section class=\"qodef-parallax-row-holder elementor-section elementor-top-section elementor-element elementor-element-d5b2f0a qodef-parallax-row-holder elementor-section-boxed elementor-section-height-default elementor-section-height-default qodef-content-aligment-left qodef-elementor-row-grid-no qodef-disabled-bg-image-bellow-no\" data-parallax-bg-speed=\"1\" data-parallax-bg-image=\"https:\/\/prowess.qodeinteractive.com\/elementor\/wp-content\/uploads\/2018\/02\/h2-parallax-2.jpg\" data-parallax-bg-height=\"0\" data-id=\"d5b2f0a\" data-element_type=\"section\" data-settings=\"{&quot;select_parallax_image&quot;:{&quot;url&quot;:&quot;https:\\\/\\\/prowess.qodeinteractive.com\\\/elementor\\\/wp-content\\\/uploads\\\/2018\\\/02\\\/h2-parallax-2.jpg&quot;,&quot;id&quot;:706,&quot;size&quot;:&quot;&quot;}}\">\n\t\t\t\t\t\t<div class=\"elementor-container elementor-column-gap-default\">\n\t\t\t\t\t<div class=\"elementor-column elementor-col-100 elementor-top-column elementor-element elementor-element-b6731e9\" data-id=\"b6731e9\" data-element_type=\"column\">\n\t\t\t<div class=\"elementor-widget-wrap elementor-element-populated\">\n\t\t\t\t\t\t<section class=\"elementor-section elementor-inner-section elementor-element elementor-element-ea95d11 qodef-elementor-row-grid-section main-content-sec elementor-section-boxed elementor-section-height-default elementor-section-height-default qodef-parallax-row-no qodef-content-aligment-left qodef-disabled-bg-image-bellow-no\" data-id=\"ea95d11\" data-element_type=\"section\">\n\t\t\t\t\t\t<div class=\"elementor-container elementor-column-gap-default\">\n\t\t\t\t\t<div class=\"elementor-column elementor-col-50 elementor-inner-column elementor-element elementor-element-87826ff info common-sidebar\" data-id=\"87826ff\" data-element_type=\"column\" data-settings=\"{&quot;background_background&quot;:&quot;classic&quot;}\">\n\t\t\t<div class=\"elementor-widget-wrap elementor-element-populated\">\n\t\t\t\t<div class=\"elementor-element elementor-element-0f10033 e-flex e-con-boxed e-con e-parent\" data-id=\"0f10033\" data-element_type=\"container\">\n\t\t\t\t\t<div class=\"e-con-inner\">\n\t\t\t\t<div class=\"elementor-element elementor-element-5850358 elementor-widget elementor-widget-qodef_section_title\" data-id=\"5850358\" data-element_type=\"widget\" data-widget_type=\"qodef_section_title.default\">\n\t\t\t\t<div class=\"elementor-widget-container\">\n\t\t\t\t\t<div class=\"qodef-section-title-holder   \" >\n\t<div class=\"qodef-st-inner\">\n\t\t\t\t\t<h3 class=\"qodef-st-title\" >\n\t\t\t\tMen\u00fc\t\t\t<\/h3>\n\t\t        \t\t\t<\/div>\n<\/div>\t\t\t\t<\/div>\n\t\t\t\t<\/div>\n\t\t\t\t<div class=\"elementor-element elementor-element-f572fb4 elementor-nav-menu--dropdown-tablet elementor-nav-menu__text-align-aside elementor-nav-menu--toggle elementor-nav-menu--burger elementor-widget elementor-widget-nav-menu\" data-id=\"f572fb4\" data-element_type=\"widget\" data-settings=\"{&quot;layout&quot;:&quot;vertical&quot;,&quot;submenu_icon&quot;:{&quot;value&quot;:&quot;&lt;svg class=\\&quot;e-font-icon-svg e-fas-caret-down\\&quot; viewBox=\\&quot;0 0 320 512\\&quot; xmlns=\\&quot;http:\\\/\\\/www.w3.org\\\/2000\\\/svg\\&quot;&gt;&lt;path d=\\&quot;M31.3 192h257.3c17.8 0 26.7 21.5 14.1 34.1L174.1 354.8c-7.8 7.8-20.5 7.8-28.3 0L17.2 226.1C4.6 213.5 13.5 192 31.3 192z\\&quot;&gt;&lt;\\\/path&gt;&lt;\\\/svg&gt;&quot;,&quot;library&quot;:&quot;fa-solid&quot;},&quot;toggle&quot;:&quot;burger&quot;}\" data-widget_type=\"nav-menu.default\">\n\t\t\t\t<div class=\"elementor-widget-container\">\n\t\t\t\t\t\t\t\t<nav aria-label=\"Men\u00fc\" class=\"elementor-nav-menu--main elementor-nav-menu__container elementor-nav-menu--layout-vertical e--pointer-underline e--animation-fade\">\n\t\t\t\t<ul id=\"menu-1-f572fb4\" class=\"elementor-nav-menu sm-vertical\"><li class=\"menu-item menu-item-type-post_type menu-item-object-page menu-item-home menu-item-9209\"><a href=\"https:\/\/www.linzag-sport.at\/berg-action\/\" class=\"elementor-item\">Startseite<\/a><\/li>\n<li class=\"menu-item menu-item-type-post_type menu-item-object-page menu-item-9476\"><a href=\"https:\/\/www.linzag-sport.at\/berg-action\/berg-action-informationen\/\" class=\"elementor-item\">Informationen<\/a><\/li>\n<li class=\"menu-item menu-item-type-post_type menu-item-object-page menu-item-20064\"><a href=\"https:\/\/www.linzag-sport.at\/berg-action\/berg-action-termine\/\" class=\"elementor-item\">Veranstaltungen<\/a><\/li>\n<\/ul>\t\t\t<\/nav>\n\t\t\t\t\t<div class=\"elementor-menu-toggle\" role=\"button\" tabindex=\"0\" aria-label=\"Men\u00fc Umschalter\" aria-expanded=\"false\">\n\t\t\t<svg aria-hidden=\"true\" role=\"presentation\" class=\"elementor-menu-toggle__icon--open e-font-icon-svg e-eicon-menu-bar\" viewBox=\"0 0 1000 1000\" xmlns=\"http:\/\/www.w3.org\/2000\/svg\"><path d=\"M104 333H896C929 333 958 304 958 271S929 208 896 208H104C71 208 42 237 42 271S71 333 104 333ZM104 583H896C929 583 958 554 958 521S929 458 896 458H104C71 458 42 487 42 521S71 583 104 583ZM104 833H896C929 833 958 804 958 771S929 708 896 708H104C71 708 42 737 42 771S71 833 104 833Z\"><\/path><\/svg><svg aria-hidden=\"true\" role=\"presentation\" class=\"elementor-menu-toggle__icon--close e-font-icon-svg e-eicon-close\" viewBox=\"0 0 1000 1000\" xmlns=\"http:\/\/www.w3.org\/2000\/svg\"><path d=\"M742 167L500 408 258 167C246 154 233 150 217 150 196 150 179 158 167 167 154 179 150 196 150 212 150 229 154 242 171 254L408 500 167 742C138 771 138 800 167 829 196 858 225 858 254 829L496 587 738 829C750 842 767 846 783 846 800 846 817 842 829 829 842 817 846 804 846 783 846 767 842 750 829 737L588 500 833 258C863 229 863 200 833 171 804 137 775 137 742 167Z\"><\/path><\/svg>\t\t<\/div>\n\t\t\t\t\t<nav class=\"elementor-nav-menu--dropdown elementor-nav-menu__container\" aria-hidden=\"true\">\n\t\t\t\t<ul id=\"menu-2-f572fb4\" class=\"elementor-nav-menu sm-vertical\"><li class=\"menu-item menu-item-type-post_type menu-item-object-page menu-item-home menu-item-9209\"><a href=\"https:\/\/www.linzag-sport.at\/berg-action\/\" class=\"elementor-item\" tabindex=\"-1\">Startseite<\/a><\/li>\n<li class=\"menu-item menu-item-type-post_type menu-item-object-page menu-item-9476\"><a href=\"https:\/\/www.linzag-sport.at\/berg-action\/berg-action-informationen\/\" class=\"elementor-item\" tabindex=\"-1\">Informationen<\/a><\/li>\n<li class=\"menu-item menu-item-type-post_type menu-item-object-page menu-item-20064\"><a href=\"https:\/\/www.linzag-sport.at\/berg-action\/berg-action-termine\/\" class=\"elementor-item\" tabindex=\"-1\">Veranstaltungen<\/a><\/li>\n<\/ul>\t\t\t<\/nav>\n\t\t\t\t\t\t<\/div>\n\t\t\t\t<\/div>\n\t\t\t\t\t<\/div>\n\t\t\t\t<\/div>\n\t\t<div class=\"elementor-element elementor-element-7ef597c info elementor-hidden-tablet elementor-hidden-mobile e-flex e-con-boxed e-con e-parent\" data-id=\"7ef597c\" data-element_type=\"container\" data-settings=\"{&quot;background_background&quot;:&quot;classic&quot;}\">\n\t\t\t\t\t<div class=\"e-con-inner\">\n\t\t\t\t<div class=\"elementor-element elementor-element-2859f71 elementor-widget elementor-widget-text-editor\" data-id=\"2859f71\" data-element_type=\"widget\" data-widget_type=\"text-editor.default\">\n\t\t\t\t<div class=\"elementor-widget-container\">\n\t\t\t\t\t\t\t\t\t<h4><strong style=\"color: white;\">SektionsleiterIN:<\/strong><\/h4><p>Doris Derflinger<br \/><strong>Tel:<\/strong> <a href=\"tel:066480 340 7993\">0664\/80 340 7993<\/a><br \/><strong>Mail: <\/strong><a href=\"mailto:d.derflinger@linzag.at\">d.derflinger@linzag.at<\/a><\/p><p>\u00a0<\/p><h4><strong style=\"color: white;\">Sektionsleiter-STV:<\/strong><\/h4><p>Mario Kreindl \u00a0<br \/><strong>Tel: <\/strong><a href=\"tel:066480 340 3241\">0664\/80 340 3241<\/a><br \/><strong>Mail:<\/strong> <a href=\"mailto:m.kreindl@linzag.at\">m.kreindl@linzag.at<\/a><\/p><p>\u00a0<\/p><p><strong>W\u00f6chentliche Trainingszeiten:<\/strong><\/p><p>Montag 17:00: &#8222;Walk mit &#8211; bleib fit&#8220;<\/p><p>Freitag 14:00: Nordic Walking Fortgeschrittene<\/p><p>\u00a0<\/p><p><strong>Wanderungen, Kletterkurse, Klettersteig etc.:<\/strong><\/p><p>werden ausgeschrieben<\/p><p>\u00a0<\/p><p><strong>Gr\u00fcndungsjahr: <\/strong>2023<br \/><a href=\"mailto:berg&amp;action@linzag.at\">berg&amp;action@linzag.at<\/a><\/p>\t\t\t\t\t\t\t\t<\/div>\n\t\t\t\t<\/div>\n\t\t\t\t\t<\/div>\n\t\t\t\t<\/div>\n\t\t\t\t\t<\/div>\n\t\t<\/div>\n\t\t\t\t<div class=\"elementor-column elementor-col-50 elementor-inner-column elementor-element elementor-element-d410f07\" data-id=\"d410f07\" data-element_type=\"column\">\n\t\t\t<div class=\"elementor-widget-wrap elementor-element-populated\">\n\t\t\t\t\t\t<div class=\"elementor-element elementor-element-986b560 elementor-widget__width-initial elementor-widget-tablet__width-inherit sec-title elementor-widget elementor-widget-qodef_section_title\" data-id=\"986b560\" data-element_type=\"widget\" data-widget_type=\"qodef_section_title.default\">\n\t\t\t\t<div class=\"elementor-widget-container\">\n\t\t\t\t\t<div class=\"qodef-section-title-holder  qodef-tn-position-left \" style=\"text-align: left\">\n\t<div class=\"qodef-st-inner\">\n\t\t\t\t\t<h2 class=\"qodef-st-title\" >\n\t\t\t\tSEKTION BERG &amp; ACTION\t\t\t<\/h2>\n\t\t                    <h4 class=\"qodef-st-title-number\" style=\"font-size: 150px\">\n            03            <\/h4>\n        \t\t\t<\/div>\n<\/div>\t\t\t\t<\/div>\n\t\t\t\t<\/div>\n\t\t\t\t<div class=\"elementor-element elementor-element-418d72d elementor-widget elementor-widget-text-editor\" data-id=\"418d72d\" data-element_type=\"widget\" data-widget_type=\"text-editor.default\">\n\t\t\t\t<div class=\"elementor-widget-container\">\n\t\t\t\t\t\t\t\t\t<h4>NEUE SEITE<\/h4><p>Auf unsere Mitglieder der Sektion Berg &amp; Action wartet ein spannendes und abwechslungsreiches Programm!<\/p><p>Du m\u00f6chtest Mitglied werden? Dann schick uns einfach ein ausgef\u00fclltes Beitrittsformular an unsere E-Mailadresse <a href=\"mailto:berg&amp;action@linzag.at\">berg_action@linzag.at<\/a>.<\/p><p><strong>J\u00e4hrliche Mitgliedsbeitr\u00e4ge<\/strong><\/p><table><tbody><tr><td width=\"302\">LAG-Mitarbeiter*innen &amp; Pensionist*innen<\/td><td width=\"101\">\u20ac 25,-<\/td><\/tr><tr><td width=\"302\">Angeh\u00f6rige<\/td><td width=\"101\">\u20ac 35,-<\/td><\/tr><tr><td width=\"302\">Familienmitgliedschaft<\/td><td width=\"101\">\u20ac 60,-<\/td><\/tr><tr><td width=\"302\">Lehrlinge<\/td><td width=\"101\">\u20ac 0,-<\/td><\/tr><tr><td width=\"302\">Freund*innen LINZ AG<\/td><td width=\"101\">\u20ac 40,-<\/td><\/tr><\/tbody><\/table><p>Unsere Mitgliedsbeitr\u00e4ge werden einmal j\u00e4hrlich mittels SEPA Lastschrift eingezogen.<\/p><p>Voraussetzung f\u00fcr die Angeh\u00f6rigkeit der Sektion Berg &amp; Action ist eine Mitgliedschaft bei <br \/>LINZ AG Sport. Falls du dort noch nicht Mitglied bist, findest du die Beitrittserkl\u00e4rung ebenfalls unter dem Punkt Formulare. Sende das Beitrittsformular LINZ AG Sport bitte an <a href=\"mailto:g.brandstaetter@linzag.at\">g.brandstaetter@linzag.at<\/a><\/p>\t\t\t\t\t\t\t\t<\/div>\n\t\t\t\t<\/div>\n\t\t\t\t<div class=\"elementor-element elementor-element-7485abe elementor-widget__width-initial elementor-widget elementor-widget-text-editor\" data-id=\"7485abe\" data-element_type=\"widget\" data-widget_type=\"text-editor.default\">\n\t\t\t\t<div class=\"elementor-widget-container\">\n\t\t\t\t\t\t\t\t\t<h4>Formulare<\/h4>\t\t\t\t\t\t\t\t<\/div>\n\t\t\t\t<\/div>\n\t\t\t\t<div class=\"elementor-element elementor-element-047bd7a elementor-widget elementor-widget-qodef_button\" data-id=\"047bd7a\" data-element_type=\"widget\" data-widget_type=\"qodef_button.default\">\n\t\t\t\t<div class=\"elementor-widget-container\">\n\t\t\t\t\t<a itemprop=\"url\" href=\"https:\/\/www.linzag-sport.at\/berg-action\/wp-content\/uploads\/2024\/04\/Beitrittsformular-inkl.-SEPA-Sektion-BergAction-2024_final-1.pdf\" target=\"_blank\"  class=\"qodef-btn qodef-btn-medium qodef-btn-solid\"  >\n    <span class=\"qodef-btn-text\"><span class=\"qodef-btn-text-inner\">Beitrittsformular Sektion Berg &amp; Action<\/span><\/span>\n    <span class=\"qodef-btn-text-inner qodef-btn-text-inner-icon\">\n    \t    \t\t\n    <\/span>\n<\/a>\t\t\t\t<\/div>\n\t\t\t\t<\/div>\n\t\t\t\t<div class=\"elementor-element elementor-element-0adb7a6 elementor-widget elementor-widget-qodef_button\" data-id=\"0adb7a6\" data-element_type=\"widget\" data-widget_type=\"qodef_button.default\">\n\t\t\t\t<div class=\"elementor-widget-container\">\n\t\t\t\t\t<a itemprop=\"url\" href=\"https:\/\/www.linzag-sport.at\/berg-action\/wp-content\/uploads\/2024\/04\/2022_Beitrittsformular-Sportverein-Formular-2.pdf\" target=\"_blank\"  class=\"qodef-btn qodef-btn-medium qodef-btn-solid\"  >\n    <span class=\"qodef-btn-text\"><span class=\"qodef-btn-text-inner\">Beitrittsformular LINZ AG Sportverein<\/span><\/span>\n    <span class=\"qodef-btn-text-inner qodef-btn-text-inner-icon\">\n    \t    \t\t\n    <\/span>\n<\/a>\t\t\t\t<\/div>\n\t\t\t\t<\/div>\n\t\t\t\t\t<\/div>\n\t\t<\/div>\n\t\t\t\t\t<\/div>\n\t\t<\/section>\n\t\t\t\t\t<\/div>\n\t\t<\/div>\n\t\t\t\t\t<\/div>\n\t\t<\/section>\n\t\t\t\t<\/div>\n\t\t","protected":false},"excerpt":{"rendered":"<p>Men\u00fc SektionsleiterIN: Doris DerflingerTel: 0664\/80 340 7993Mail: d.derflinger@linzag.at \u00a0 Sektionsleiter-STV: Mario Kreindl \u00a0Tel: 0664\/80 340 3241Mail: m.kreindl@linzag.at \u00a0 W\u00f6chentliche Trainingszeiten: Montag 17:00: &#8222;Walk mit &#8211; bleib fit&#8220; Freitag 14:00: Nordic Walking Fortgeschrittene \u00a0 Wanderungen, Kletterkurse, Klettersteig etc.: werden ausgeschrieben \u00a0 Gr\u00fcndungsjahr: 2023berg&amp;action@linzag.at SEKTION BERG &amp; ACTION 03 NEUE SEITE Auf unsere Mitglieder der Sektion Berg &amp; Action wartet ein spannendes und abwechslungsreiches Programm! Du m\u00f6chtest Mitglied werden? Dann schick uns einfach ein ausgef\u00fclltes Beitrittsformular an unsere E-Mailadresse berg_action@linzag.at. J\u00e4hrliche Mitgliedsbeitr\u00e4ge LAG-Mitarbeiter*innen &amp; Pensionist*innen \u20ac 25,- Angeh\u00f6rige \u20ac 35,- Familienmitgliedschaft \u20ac [&hellip;]<\/p>\n","protected":false},"author":1,"featured_media":0,"parent":0,"menu_order":0,"comment_status":"closed","ping_status":"closed","template":"full-width.php","meta":{"_acf_changed":false,"_price":"","_stock":"","_tribe_ticket_header":"","_tribe_default_ticket_provider":"","_tribe_ticket_capacity":"0","_ticket_start_date":"","_ticket_end_date":"","_tribe_ticket_show_description":"","_tribe_ticket_show_not_going":false,"_tribe_ticket_use_global_stock":"","_tribe_ticket_global_stock_level":"","_global_stock_mode":"","_global_stock_cap":"","_tribe_rsvp_for_event":"","_tribe_ticket_going_count":"","_tribe_ticket_not_going_count":"","_tribe_tickets_list":"[]","_tribe_ticket_has_attendee_info_fields":false,"footnotes":"","_tec_slr_enabled":"","_tec_slr_layout":""},"class_list":["post-20073","page","type-page","status-publish","hentry"],"acf":[],"yoast_head":"<!-- This site is optimized with the Yoast SEO plugin v25.1 - https:\/\/yoast.com\/wordpress\/plugins\/seo\/ -->\n<title>Berg &amp; Action Neue Seite - Berg &amp; action<\/title>\n<meta name=\"robots\" content=\"index, follow, max-snippet:-1, max-image-preview:large, max-video-preview:-1\" \/>\n<link rel=\"canonical\" href=\"https:\/\/www.linzag-sport.at\/berg-action\/berg-action-neue-seite\/\" \/>\n<meta property=\"og:locale\" content=\"de_DE\" \/>\n<meta property=\"og:type\" content=\"article\" \/>\n<meta property=\"og:title\" content=\"Berg &amp; Action Neue Seite - Berg &amp; action\" \/>\n<meta property=\"og:description\" content=\"Men\u00fc SektionsleiterIN: Doris DerflingerTel: 0664\/80 340 7993Mail: d.derflinger@linzag.at \u00a0 Sektionsleiter-STV: Mario Kreindl \u00a0Tel: 0664\/80 340 3241Mail: m.kreindl@linzag.at \u00a0 W\u00f6chentliche Trainingszeiten: Montag 17:00: &#8222;Walk mit &#8211; bleib fit&#8220; Freitag 14:00: Nordic Walking Fortgeschrittene \u00a0 Wanderungen, Kletterkurse, Klettersteig etc.: werden ausgeschrieben \u00a0 Gr\u00fcndungsjahr: 2023berg&amp;action@linzag.at SEKTION BERG &amp; ACTION 03 NEUE SEITE Auf unsere Mitglieder der Sektion Berg &amp; Action wartet ein spannendes und abwechslungsreiches Programm! Du m\u00f6chtest Mitglied werden? Dann schick uns einfach ein ausgef\u00fclltes Beitrittsformular an unsere E-Mailadresse berg_action@linzag.at. J\u00e4hrliche Mitgliedsbeitr\u00e4ge LAG-Mitarbeiter*innen &amp; Pensionist*innen \u20ac 25,- Angeh\u00f6rige \u20ac 35,- Familienmitgliedschaft \u20ac [&hellip;]\" \/>\n<meta property=\"og:url\" content=\"https:\/\/www.linzag-sport.at\/berg-action\/berg-action-neue-seite\/\" \/>\n<meta property=\"og:site_name\" content=\"Berg &amp; action\" \/>\n<meta property=\"article:modified_time\" content=\"2025-03-05T08:50:24+00:00\" \/>\n<meta name=\"twitter:card\" content=\"summary_large_image\" \/>\n<meta name=\"twitter:label1\" content=\"Gesch\u00e4tzte Lesezeit\" \/>\n\t<meta name=\"twitter:data1\" content=\"1\u00a0Minute\" \/>\n<script type=\"application\/ld+json\" class=\"yoast-schema-graph\">{\"@context\":\"https:\/\/schema.org\",\"@graph\":[{\"@type\":\"WebPage\",\"@id\":\"https:\/\/www.linzag-sport.at\/berg-action\/berg-action-neue-seite\/\",\"url\":\"https:\/\/www.linzag-sport.at\/berg-action\/berg-action-neue-seite\/\",\"name\":\"Berg & Action Neue Seite - Berg &amp; action\",\"isPartOf\":{\"@id\":\"https:\/\/www.linzag-sport.at\/berg-action\/#website\"},\"datePublished\":\"2025-03-05T08:48:58+00:00\",\"dateModified\":\"2025-03-05T08:50:24+00:00\",\"breadcrumb\":{\"@id\":\"https:\/\/www.linzag-sport.at\/berg-action\/berg-action-neue-seite\/#breadcrumb\"},\"inLanguage\":\"de\",\"potentialAction\":[{\"@type\":\"ReadAction\",\"target\":[\"https:\/\/www.linzag-sport.at\/berg-action\/berg-action-neue-seite\/\"]}]},{\"@type\":\"BreadcrumbList\",\"@id\":\"https:\/\/www.linzag-sport.at\/berg-action\/berg-action-neue-seite\/#breadcrumb\",\"itemListElement\":[{\"@type\":\"ListItem\",\"position\":1,\"name\":\"Startseite\",\"item\":\"https:\/\/www.linzag-sport.at\/berg-action\/\"},{\"@type\":\"ListItem\",\"position\":2,\"name\":\"Berg &#038; Action Neue Seite\"}]},{\"@type\":\"WebSite\",\"@id\":\"https:\/\/www.linzag-sport.at\/berg-action\/#website\",\"url\":\"https:\/\/www.linzag-sport.at\/berg-action\/\",\"name\":\"Berg &amp; action\",\"description\":\"\",\"potentialAction\":[{\"@type\":\"SearchAction\",\"target\":{\"@type\":\"EntryPoint\",\"urlTemplate\":\"https:\/\/www.linzag-sport.at\/berg-action\/?s={search_term_string}\"},\"query-input\":{\"@type\":\"PropertyValueSpecification\",\"valueRequired\":true,\"valueName\":\"search_term_string\"}}],\"inLanguage\":\"de\"}]}<\/script>\n<!-- \/ Yoast SEO plugin. -->","yoast_head_json":{"title":"Berg & Action Neue Seite - Berg &amp; action","robots":{"index":"index","follow":"follow","max-snippet":"max-snippet:-1","max-image-preview":"max-image-preview:large","max-video-preview":"max-video-preview:-1"},"canonical":"https:\/\/www.linzag-sport.at\/berg-action\/berg-action-neue-seite\/","og_locale":"de_DE","og_type":"article","og_title":"Berg & Action Neue Seite - Berg &amp; action","og_description":"Men\u00fc SektionsleiterIN: Doris DerflingerTel: 0664\/80 340 7993Mail: d.derflinger@linzag.at \u00a0 Sektionsleiter-STV: Mario Kreindl \u00a0Tel: 0664\/80 340 3241Mail: m.kreindl@linzag.at \u00a0 W\u00f6chentliche Trainingszeiten: Montag 17:00: &#8222;Walk mit &#8211; bleib fit&#8220; Freitag 14:00: Nordic Walking Fortgeschrittene \u00a0 Wanderungen, Kletterkurse, Klettersteig etc.: werden ausgeschrieben \u00a0 Gr\u00fcndungsjahr: 2023berg&amp;action@linzag.at SEKTION BERG &amp; ACTION 03 NEUE SEITE Auf unsere Mitglieder der Sektion Berg &amp; Action wartet ein spannendes und abwechslungsreiches Programm! Du m\u00f6chtest Mitglied werden? Dann schick uns einfach ein ausgef\u00fclltes Beitrittsformular an unsere E-Mailadresse berg_action@linzag.at. J\u00e4hrliche Mitgliedsbeitr\u00e4ge LAG-Mitarbeiter*innen &amp; Pensionist*innen \u20ac 25,- Angeh\u00f6rige \u20ac 35,- Familienmitgliedschaft \u20ac [&hellip;]","og_url":"https:\/\/www.linzag-sport.at\/berg-action\/berg-action-neue-seite\/","og_site_name":"Berg &amp; action","article_modified_time":"2025-03-05T08:50:24+00:00","twitter_card":"summary_large_image","twitter_misc":{"Gesch\u00e4tzte Lesezeit":"1\u00a0Minute"},"schema":{"@context":"https:\/\/schema.org","@graph":[{"@type":"WebPage","@id":"https:\/\/www.linzag-sport.at\/berg-action\/berg-action-neue-seite\/","url":"https:\/\/www.linzag-sport.at\/berg-action\/berg-action-neue-seite\/","name":"Berg & Action Neue Seite - Berg &amp; action","isPartOf":{"@id":"https:\/\/www.linzag-sport.at\/berg-action\/#website"},"datePublished":"2025-03-05T08:48:58+00:00","dateModified":"2025-03-05T08:50:24+00:00","breadcrumb":{"@id":"https:\/\/www.linzag-sport.at\/berg-action\/berg-action-neue-seite\/#breadcrumb"},"inLanguage":"de","potentialAction":[{"@type":"ReadAction","target":["https:\/\/www.linzag-sport.at\/berg-action\/berg-action-neue-seite\/"]}]},{"@type":"BreadcrumbList","@id":"https:\/\/www.linzag-sport.at\/berg-action\/berg-action-neue-seite\/#breadcrumb","itemListElement":[{"@type":"ListItem","position":1,"name":"Startseite","item":"https:\/\/www.linzag-sport.at\/berg-action\/"},{"@type":"ListItem","position":2,"name":"Berg &#038; Action Neue Seite"}]},{"@type":"WebSite","@id":"https:\/\/www.linzag-sport.at\/berg-action\/#website","url":"https:\/\/www.linzag-sport.at\/berg-action\/","name":"Berg &amp; action","description":"","potentialAction":[{"@type":"SearchAction","target":{"@type":"EntryPoint","urlTemplate":"https:\/\/www.linzag-sport.at\/berg-action\/?s={search_term_string}"},"query-input":{"@type":"PropertyValueSpecification","valueRequired":true,"valueName":"search_term_string"}}],"inLanguage":"de"}]}},"ticketed":false,"_links":{"self":[{"href":"https:\/\/www.linzag-sport.at\/berg-action\/wp-json\/wp\/v2\/pages\/20073","targetHints":{"allow":["GET"]}}],"collection":[{"href":"https:\/\/www.linzag-sport.at\/berg-action\/wp-json\/wp\/v2\/pages"}],"about":[{"href":"https:\/\/www.linzag-sport.at\/berg-action\/wp-json\/wp\/v2\/types\/page"}],"author":[{"embeddable":true,"href":"https:\/\/www.linzag-sport.at\/berg-action\/wp-json\/wp\/v2\/users\/1"}],"replies":[{"embeddable":true,"href":"https:\/\/www.linzag-sport.at\/berg-action\/wp-json\/wp\/v2\/comments?post=20073"}],"version-history":[{"count":0,"href":"https:\/\/www.linzag-sport.at\/berg-action\/wp-json\/wp\/v2\/pages\/20073\/revisions"}],"wp:attachment":[{"href":"https:\/\/www.linzag-sport.at\/berg-action\/wp-json\/wp\/v2\/media?parent=20073"}],"curies":[{"name":"wp","href":"https:\/\/api.w.org\/{rel}","templated":true}]}}